837. Suppose 0*s + s - 4 = 0. Suppose -2*b = w*b - 5*k - 610, -2*k + 512 = s*b. What is the tens digit of b?
2
What is the hundreds digit of 1148640/168 - 3/21?
8
Suppose 0 = -5*v, 0 = -0*k + k + 2*v - 7. Suppose -3*r = 3*c - 3654, -5*r - 2439 = -k*r - 3*c. What is the tens digit of r?
1
Let k(t) = -3*t**2 + 14*t - 105. Let v be k(11). Let w = v - -837. What is the tens digit of w?
2
Let r(g) = -17*g + 57. Let j(h) = -33*h + 115. Let y(w) = 3*j(w) - 5*r(w). What is the tens digit of y(-23)?
8
Let s = 1528 + 5595. What is the tens digit of s?
2
Let g = -214 + 217. Suppose 0 = -g*v + 104 - 23. What is the units digit of v?
7
Let j = -71 - -119. Let a = j - 44. Suppose -a*f + 38 + 174 = 0. What is the units digit of f?
3
Suppose -23*h = -157034 + 51073. What is the units digit of h?
7
Suppose 5*l + 4*o = 10, -8 = -4*l - 21*o + 16*o. Suppose j + 4*m = 565, 4*j - 2150 = l*m + 110. What is the hundreds digit of j?
5
Let j(f) = 7*f - 41. Let r(v) = -v**2 - 15*v + 8. Let u be r(-15). Let x be j(u). Suppose 1259 = -x*p + 5279. What is the tens digit of p?
6
Let c(f) = 4*f**2 - 48*f - 132. What is the hundreds digit of c(25)?
1
Suppose -4*l - 20 = 5*u - 15, 0 = 5*u - 2*l - 25. What is the hundreds digit of (u + 0)*(0 + (-4 - -63))?
1
Suppose 5*a - 28 = -3. Suppose 5*f = 4*y + 28, 0*y + 46 = a*f + 2*y. Suppose -u + f = -9. What is the tens digit of u?
1
Suppose 36*t - 288090 = -30*t. What is the thousands digit of t?
4
Let s(n) = -n + 2. Let b(t) = -4*t + 22. Let a(u) = b(u) - 3*s(u). Let w be a(14). Suppose y - 274 = -5*c, 3*c = -w + 17. What is the tens digit of y?
4
Let u be (0 + 3)/(21/35). Suppose 2*c + 10 = 0, 0 = 2*x + u*c - 0*c - 129. What is the units digit of x?
7
Let t(r) = 65*r - 23. Let g be t(-5). Let w = g + 586. What is the hundreds digit of w?
2
Suppose 4*x = 0, 2*x - 57 = g - 2*g. What is the tens digit of (-4)/(-38) + 1362/g + 0?
2
Let k(t) = -t**3 + 10*t**2 + 11*t - 5. Let d = 264 - 270. What is the hundreds digit of k(d)?
5
Suppose -14*j = -835 - 1937. Suppose -2*z + 3*z - j = 2*p, 561 = 3*z + 5*p. What is the units digit of z?
2
Suppose -58*x - 78*x + 543671 = -632185. What is the tens digit of x?
4
Let f(q) = -8*q**3 - q**2 - 45*q + 19. Let o(v) = -7*v**3 - 46*v + 17. Let u(c) = 5*f(c) - 6*o(c). What is the hundreds digit of u(6)?
5
Let h be (30/4)/(27/(-36)). Let m = 13 + h. Suppose -9*y = -m*y - 324. What is the tens digit of y?
5
Let f(g) = g**3 + 7*g**2 + 8*g - 7. Let z be f(-3). Let q(k) = 13*k**3 - 3*k**2 - 13*k - 6. What is the hundreds digit of q(z)?
4
Let s(y) = 6*y**2 - 226*y - 99. What is the hundreds digit of s(-33)?
8
Let g(p) = p**3 - 5*p**2 + 9*p - 20. Let x be g(4). Suppose 2*w + 759 = 5*f - 0*w, -2*f - w + 309 = x. What is the units digit of f?
3
Let t = 557 + -552. Let b(f) be the second derivative of 14*f**3/3 + 12*f**2 + 3*f. What is the units digit of b(t)?
4
Suppose 67*y - 135*y = -81056. What is the hundreds digit of y?
1
Let p(i) = 1403*i - 6388. What is the ten thousands digit of p(18)?
1
Suppose 228993 = 76*x - 56387. What is the hundreds digit of x?
7
Suppose a + 2*a = 5*t + 134, 4*t + 232 = 5*a. Suppose -6*c + 201 = 57. Let x = a + c. What is the units digit of x?
2
Suppose 62 = 4*o - 22. What is the units digit of (o + 135)*(-7)/(-3)?
4
Suppose -2*z + 10 = 0, -4*s + z - 25 = -8*s. Suppose 0 = -5*q - 5*c + 6810, s*q = -3*c + c + 6819. What is the units digit of q?
5
Suppose -4*z - 185170 = -5*w - 50483, -w + 3*z + 26922 = 0. What is the hundreds digit of w?
9
Suppose -82 = 2*d - 26. Let t = -33 - d. What is the tens digit of (53 - (t + 4)) + (-2)/1?
5
Let o be 6*2/(-3) + -5. What is the tens digit of o/((-174)/(-180) - 1)?
7
Let s(t) = 4*t - 19. Let o be s(6). Suppose -p + 0 + 15 = -o*w, 0 = -4*p - 5*w - 15. Let v = 4 - p. What is the units digit of v?
4
Let l(c) be the first derivative of 4*c - 25 - 225/2*c**2. What is the units digit of l(-1)?
9
Let u = 7836 + -1863. What is the units digit of u?
3
Suppose -29*h + 73390 = -9*h - 26210. What is the thousands digit of h?
4
Let t = 108538 - 69926. What is the units digit of t?
2
Let s = -42 - -42. Suppose s*c - 136 = -4*c. What is the tens digit of c?
3
Let z(g) = 331*g**2 + 7*g - 55. What is the hundreds digit of z(4)?
2
Let v(p) = -92*p - 903. What is the thousands digit of v(-45)?
3
Suppose x = -7*w + 47323, -74644 = -4*x - w + 114729. What is the units digit of x?
4
Let h be ((-3)/2)/((-3)/(-304)). Suppose 0 = 42*w - 11051 - 37. Let m = h + w. What is the hundreds digit of m?
1
Let c(q) be the first derivative of q**3/3 - 8*q**2 - 33*q - 5. Let s be c(16). Let k = 70 + s. What is the tens digit of k?
3
Let t(h) = 19*h**2 + 4*h - 4. Let p be t(5). Let x be (-2)/(1962/p - 4). Suppose g = -2*g - 5*z + 360, -3*z + x = 4*g. What is the hundreds digit of g?
1
Let l = -3836 - -5986. What is the units digit of l?
0
Let d(j) = -13*j + 3 - 13 + 32*j**2 - 18 + 67*j**2. What is the units digit of d(-2)?
4
Let d(l) = -l**3 + 2*l**2 - 9*l + 9. Let u be d(7). Let f = u + 584. What is the units digit of f?
5
Suppose 4*a = -a + 4*j + 305, -3*j = -3*a + 186. Suppose 613 = 4*r + n, -2*r = 4*n - a - 239. What is the hundreds digit of r?
1
Suppose -19*f + 27*f = 16*f - 20832. What is the units digit of f?
4
Suppose 2*z + 33462 = 2*j, 3*z - 27 = -48. What is the hundreds digit of j?
7
Let a(i) = i**2 - 10*i - 7. Let o be ((-5)/3)/(1*2/(-12)). Let m be a(o). What is the units digit of 238/m*(-7)/2?
9
Let x = 237 + -429. What is the tens digit of (-85392)/x + (-5)/(-4)?
4
Let t(y) = -7*y + 4. Let f be t(1). Let j be 21/((-6)/12*f). Suppose 1335 + 611 = j*s. What is the tens digit of s?
3
Let r = 11 + 126. Suppose 140*t - r*t = 18. What is the units digit of t?
6
Let h = -447 + 304. Let v = h + 138. What is the units digit of (-46 + 1)/(2 + 11/v)?
5
Suppose 2*r - 5*r = -3*m - 15, 0 = 4*r + 5*m + 25. Suppose -v + 5*z + 731 = -r*v, -v = 4*z - 749. What is the tens digit of v?
4
Let w(m) = -m**3 - m**2 - m + 431. Suppose -135*j = -140*j. What is the hundreds digit of w(j)?
4
Let p(l) = 18*l**2 + 11*l + 8. Suppose 2*c = -b - 8, -3 = -c - 4*b - 0. What is the tens digit of p(c)?
0
Let v be (-25)/7 + (96/28)/6. What is the tens digit of -5 + ((-2365)/(-5) - v)?
7
Let q(k) = -k**2 - 6*k**3 - 7*k**3 + 3*k + 11 - 8. Let o be q(-1). What is the units digit of (0 + o/4)*2/6?
1
Let n(r) = 2*r**2 - 7*r + 2. Let d = 73 + -67. Let w be n(d). Suppose -c + 77 + w = 0. What is the tens digit of c?
0
Suppose -12*q + 81 = 45. What is the thousands digit of 1096*1 + q + 0?
1
Let z(k) = k - 3. Let j be z(-7). Let m be -6*-2*(-5)/j. Suppose -2*w = -m*w + 204. What is the tens digit of w?
5
Suppose -5*r = 74*g - 79*g + 79520, -2*r - 6 = 0. What is the tens digit of g?
0
What is the ten thousands digit of (-9 - 3334125/(-60)*2)*(-4)/(-14)?
3
Let t(h) = h**3 + 25*h**2 - h - 23. Let a be t(-25). Suppose -3*p = -4*k - 230 - 816, 4*p = -a*k + 1424. What is the tens digit of p?
5
Suppose p + 6*a - 2*a - 140 = 0, 2*p = 4*a + 256. Let u = 29 - p. Let n = -66 - u. What is the tens digit of n?
3
Let c be 12/15*(-10)/(-4). Suppose 2*s - 8 = -c*h, 3*s + h + 13 = 3*h. What is the tens digit of s + -2 + 85 - -4?
8
What is the ten thousands digit of (4513455/(-804))/((-33)/(-12) - 3)?
2
Suppose 106 + 238 = -2*r. Let a = 656 + r. Suppose -3*i + 307 = 5*y - 60, -4*y = 4*i - a. What is the hundreds digit of i?
1
Let i = -100 + -1. Let p = -9 - i. Suppose -3*x = p - 359. What is the units digit of x?
9
Suppose 4*f - 59916 = 4*x, 176*f + 3*x + 74901 = 181*f. What is the hundreds digit of f?
9
Let l(b) = 5*b - 6. Let q be l(5). Let k(g) = g**2 - 21*g + 42. Let o be k(q). Suppose -h - o*w - 304 = -5*h, 5*h = -2*w + 345. What is the tens digit of h?
7
Suppose -3*m - 32 = -77. What is the hundreds digit of ((-3)/m*478)/(6/(-30))?
4
Let v(r) = -4*r**2 + 21*r - 3. Let o be v(5). Suppose 513 = 2*t + 3*p, o*t + 3*t - 1272 = 3*p. Suppose 3*a = -2*a + t. What is the tens digit of a?
5
Suppose 17*q - 28*q - 173340 = -38*q. What is the thousands digit of q?
6
Let x = 110996 - 78604. What is the thousands digit of x?
2
Let u = 14 + 10. Suppose 3*m - 50 = n, 0*n = -m + 4*n + u. Suppose -m*r = -6*r - 1000. What is the tens digit of r?
0
Let o(t) = 4*t**3 - 3*t**2 + 5*t - 5. Let h be o(2). Suppose 0 = h*x - 30*x + 3335. What is t